*2 + 2*i + 1. Is x(4) composite?
False
Let o(z) = z**2 + 5*z + 1. Let y be o(-6). Let k = 1 + y. Suppose 3*f = -6, -3*f + k - 47 = -3*c. Is c prime?
True
Let u(t) be the first derivative of -t**4/4 + 7*t**3/3 - 5*t**2/2 + 3*t + 2. Is u(4) a composite number?
False
Suppose 3*o + 2*o = 0, -2*o - 10 = 5*r. Is (0 - 4)*r/4 a composite number?
False
Suppose -4*t - t + 5*r + 1680 = 0, 4*t + r = 1349. Is t composite?
False
Let m(q) = q**2 - 4*q - 7. Let d be m(6). Suppose 0 = -d*i - 2 - 8. Let b(u) = -2*u + 2. Is b(i) a prime number?
False
Suppose -13*z = -7*z - 474. Is z prime?
True
Let d be (-3)/(3/(-2 + -1)). Suppose -3*j + 711 = -h, d*j - 5*h = 4*j - 237. Is j composite?
True
Suppose q + 811 = -3*l + 5*l, -5*l + 2047 = 4*q. Suppose -s = -3, -3*v - 4*s + l = 2*v. Is v a composite number?
False
Let x(g) = -2*g. Let p be x(1). Let h be -6*(-1)/(-6)*p. Is 4/h - -10 - 1 composite?
False
Let g be (263/(-2))/((-5)/(-10)). Let r be g/2 + (-1)/2. Let k = r + 335. Is k composite?
True
Suppose 4*r - 22 + 6 = 0. Suppose -2 = -n + 2, -r*n - 1132 = -4*x. Is x a composite number?
True
Let w(j) = -3*j - 3. Let x be w(-2). Let m(i) = i**3 + i**2 + 2*i + 1. Is m(x) a composite number?
False
Let i be 254/6 - (-2)/(-6). Suppose 90 + i = 3*u - 2*h, 5*u + h = 207. Suppose 4*a = n - u, a + 56 = 2*n - 0*n. Is n prime?
False
Let x(w) = 2*w**2 - w + 1. Let p be x(2). Suppose 0 = 4*d - 5*d + p. Is d composite?
False
Is (2 - -16) + -1 - 3 a prime number?
False
Let d be (-806)/(-3) - (-4)/(-6). Suppose -d = -5*c - 38. Is c a prime number?
False
Let j be 426/18 + 2/6. Let x be (3/(-2))/(j/(-3872)). Suppose 0*i - x = -2*i. Is i composite?
True
Suppose 2*t = 3 + 5. Let o = t - -9. Is o composite?
False
Let i(n) = n**3 - 5*n**2 - 7*n - 2. Let l be i(6). Is (474/l)/(3/(-8)) prime?
False
Let d(a) = -a**3 - 4*a**2 + 9*a + 8. Let z be d(-9). Let i = z + -213. Is i composite?
True
Let z = 1466 + 69. Is z prime?
False
Let p(g) be the second derivative of 7*g**3/3 + g**2/2 + 3*g. Is p(1) a composite number?
True
Let f = 9 - 5. Suppose 3*o - 4*o = -5. Suppose 5*n = -2*j + 13, -4*j + 15 = -o*n + f*n. Is j a prime number?
False
Let r be 4/(-12) + (-723)/(-9). Let d = r + -33. Is d composite?
False
Let l be ((-4)/8)/((-2)/1156). Let r = l + -206. Is r a prime number?
True
Suppose 8 = -o + 3*d, 0*d - 15 = -3*d. Suppose 2*v = o*v - 50. Is v prime?
False
Let x = 859 - 382. Let u = x + -226. Is u a composite number?
False
Suppose z + z = 52. Suppose z = 2*y - 20. Is y a composite number?
False
Let i(k) = -187*k - 3. Is i(-2) a composite number?
True
Suppose -11*h = -10*h - 233. Is h prime?
True
Let j = 1 + 1. Suppose 4*z - 80 = -0*z. Suppose z = 4*w - 3*x, 0*w = 5*w + 3*x + j. Is w a prime number?
True
Let p(h) = -h**3 + 6*h**2 + 9*h - 10. Let u be p(7). Suppose -v = u*v - 1115. Is v prime?
True
Let p = -8 - -10. Let j(u) = 22*u. Let f be j(p). Is f/6 - (-4)/(-12) a prime number?
True
Let d(g) be the first derivative of -1/4*g**4 + g + 5/2*g**2 + 1 + 4/3*g**3. Is d(4) prime?
False
Let m(d) = d**2 - d + 86. Let f be m(0). Suppose -3*p - 362 = -5*u - 112, 2*u - 4*p - f = 0. Is u a composite number?
False
Suppose 0 = -g + 3*g + 4*q - 72, -134 = -4*g - 3*q. Is ((-1688)/g)/((-2)/8) composite?
False
Is (-4)/(-2) - 3980/(-4) a composite number?
False
Let g(z) = z - 7. Let i(m) = -2*m + 13. Let c(n) = -13*g(n) - 6*i(n). Let w = -18 + 8. Is c(w) prime?
True
Let y = 32 + -18. Is y prime?
False
Let c = 10 - 4. Is c/(-30) - (-672)/10 a prime number?
True
Suppose -4*l - 2*h - 18 = 4, -17 = 2*l - h. Let j = -5 - l. Is j a composite number?
False
Let i(k) = k**3 - 3*k**2 - 3*k. Let c be i(4). Let p be 10/6 - c/(-12). Is 2 - (-1 + -12 + p) a prime number?
True
Suppose 0 = -3*h - 3*q + 42, -3*h + 24 = -q - 2. Suppose 228 = 2*u - k + h, -226 = -2*u - 3*k. Suppose -b = b - u. Is b a composite number?
True
Let q(h) = 4 + 77*h**2 - 62*h**2 - 3 - h. Is q(2) prime?
True
Let k = -3 + 5. Let l be (1/(-1))/((-1)/53). Suppose q + l = k*q. Is q a prime number?
True
Suppose m + 0*m = -3, 5*g - m + 492 = 0. Let r be 1 + -2 + (-2 - 145). Let v = g - r. Is v composite?
True
Let w be 2/5 - 36/(-10). Let u be (1/(-3))/(3/(-63)). Is (1*u)/(2/w) a prime number?
False
Suppose -f - 89 = -0*p - 2*p, -3*f = -5*p + 268. Let n = f + 620. Is n a prime number?
False
Suppose 3*g + 3*d - 240 = 279, 2*d = -g + 177. Is (3 - 0)*-1 + g a prime number?
False
Let c = 4 + 1. Suppose 5*a - 5*r - 435 = 0, 4*a - r - 332 = -c*r. Is a a prime number?
False
Let f be (1*-2 - -3) + -7. Is (-890)/(-6) - f/9 a prime number?
True
Suppose -1 = q, v - q - 18 = 3*q. Is v/(10/6 - 1) a composite number?
True
Let c be -10*1/((-2)/(-8)). Let f be (c/6)/(2/6). Let p = f - -67. Is p a composite number?
False
Let b(j) = -j**3 + 4*j**2 + j + 5. Let n be b(4). Suppose 3 + n = 4*u. Suppose -l = -3*f - 29, u*l = -0*l + f + 103. Is l a prime number?
False
Let i(m) = 94*m - 19. Is i(8) prime?
True
Is ((-422)/(-5))/(6/15) composite?
False
Let p(a) = -2*a**2 + 5 - a - 4*a + 3*a**2. Let d be p(4). Is (-462)/(-15) + d/5 composite?
False
Suppose -3*q = -2*q - 1. Let g = -32 - -34. Suppose -4*t + 509 = -j, -j = -g*j - q. Is t composite?
False
Let g(h) be the third derivative of h**5/10 + h**3/6 + 4*h**2. Is g(3) a prime number?
False
Let w(o) = o - o - 2*o - 3 + o. Let j be w(-5). Is (-255 + -2)*j/(-2) a prime number?
True
Let w(t) = -35*t**3 + 4*t**2 - t - 3. Is w(-2) a prime number?
False
Let o(i) = 47*i**2 + i - 1. Is o(-2) a composite number?
True
Is (-52)/3*24/(-16) prime?
False
Let t = -152 - -639. Is t prime?
True
Suppose 0 = -2*n + 3*n - 2*f - 5, n + 2*f + 3 = 0. Is -1 + 2 + 258/n prime?
False
Let c(k) be the second derivative of -k**5/20 - k**4/4 - 7*k**3/6 - 2*k. Is c(-5) composite?
True
Let b(g) = -g. Let f(u) = -35*u + 2. Let n(h) = -3*b(h) - f(h). Let p be n(6). Suppose 4*s - 6*s = -p. Is s prime?
True
Let s be 987/14 - (-2)/(-4). Let y be 1 + (-1)/2*-2. Suppose 0*h - 149 = -4*k + h, -y*k - 4*h = -s. Is k a composite number?
False
Let i = -1 + 8. Let u(q) = q**3 - 8*q**2 + 5*q + 9. Let j be u(i). Let g = j + 8. Is g composite?
False
Suppose f + 3 = 1, f = 3*a - 11. Suppose 5*k = a*d - 379, -2*k + k = -3*d + 371. Is d a composite number?
True
Let m(l) = l**2 - 4*l. Let f be m(4). Suppose 3*z = 11 + 94. Let h = z - f. Is h a prime number?
False
Let o(s) = s**3 - 3. Let u(n) = -n**3 + n**2 + n + 2. Let d(h) = 3*o(h) + 4*u(h). Is d(-4) prime?
False
Let y = -8 + 10. Suppose -2*j + t - 18 = -5*j, y*t = 0. Is j a composite number?
True
Suppose 120 = -g - 2*d, 3*g + 114 = -5*d - 251. Let z be (-1)/(-3) - g/15. Is 0 + (z/(-3) - -50) a prime number?
True
Suppose -2*a + m + 42 = 0, 0*m = a + 3*m - 21. Suppose b + 29 = x - 4*b, -4*x + b = -a. Suppose 0 = -x*y + 7*y - 153. Is y prime?
False
Let w(k) = k**3 - 22*k**2 - 4*k - 18. Is w(23) a composite number?
False
Suppose 0 = -c - 2*t + 3, 4*c - t - 11 - 19 = 0. Let n(k) = k**2 + c + 2*k - k - 4. Is n(-5) prime?
True
Suppose 10 = 2*c, 0*g = 3*g + 2*c - 1213. Let v = g - 214. Suppose -2*s + v = -o, -7*o + 66 = s - 2*o. Is s a prime number?
False
Suppose 4*m - 1404 = -4*l, m + 2*l = 209 + 144. Suppose 3*t = -5*j - 45 + m, -3*t = -3*j + 168. Is j prime?
True
Let k(q) = -q**2 - 8*q + 4. Let f be k(-4). Let y be 8/f + 2/(-5). Suppose y = -w + 5*w - 5*i - 63, 5*w - 4*i - 90 = 0. Is w a composite number?
True
Let p(t) = 2*t**3 - 3*t**2 + 2*t - 3. Let l be p(2). Is l/(-10) - (-115)/2 prime?
False
Suppose -6*j = -j - 2*b - 3267, -b + 2611 = 4*j. Is j a composite number?
False
Suppose 4*n + s = 1108, 3*n - 572 = n + 4*s. Let j = n - 91. Is j a prime number?
False
Let j be (-1)/(-3)*(5 + 1). Let f be 1*(1 - j/2). Suppose 3*v - 144 - 249 = f. Is v a composite number?
False
Suppose 3*q = 2*q + 3*v + 329, 3*q - 5*v - 1003 = 0. Is q prime?
False
Is ((-2139)/(-6) - 3)*2 prime?
False
Let h(q) be the third derivative of 5*q**4/4 - 7*q**3/6 + q**2. Let w(o) = 60*o - 14. Let c(y) = 9*h(y) - 4*w(y). Is c(5) composite?
True
Suppose 4*g = -2*k + 332, -4*g + 3*k + 251 = -101. Is g composite?
True
Let u(n) = 11*n**2 + 3*n + 2. Let c be u(-4). Suppose 5*r = -w + 83, 4*w - 2*w - 2*r = c. Is w composite?
False
Let q(g) = g**3 - 6*g**2 + 6*g - 1. Let b be q(5). Suppose 317 = b*t - 3*c, t - 5*c = 6*t - 370. Is t a composite number?
True
Let a(d) be the fi